{"id":2428,"date":"2013-07-10T15:43:55","date_gmt":"2013-07-10T13:43:55","guid":{"rendered":"http:\/\/travelsolute.detfurth.de\/wordpress\/?page_id=2428"},"modified":"2018-04-09T16:37:47","modified_gmt":"2018-04-09T14:37:47","slug":"imprint","status":"publish","type":"page","link":"https:\/\/www.travelsolute.de\/?page_id=2428","title":{"rendered":"Imprint"},"content":{"rendered":"<article  class='iconbox iconbox_top av-av_icon_box-309bbea7a26a1c2a2818f788418a9ba5  avia-builder-el-0  el_before_av_one_half  avia-builder-el-first  main_color'  itemscope=\"itemscope\" itemtype=\"https:\/\/schema.org\/CreativeWork\" ><div class=\"iconbox_content\"><header class=\"entry-content-header\"><div class=\"iconbox_icon heading-color\" aria-hidden='true' data-av_icon='\ue841' data-av_iconfont='entypo-fontello'><\/div><h3 class='iconbox_content_title '  itemprop=\"headline\" >Imprint<\/h3><\/header><div class='iconbox_content_container '  itemprop=\"text\" ><p style=\"text-align: center;\"><strong>travelsolute UG<\/strong><\/p>\n<p style=\"text-align: center;\">(haftungsbeschr\u00e4nkt)<\/p>\n<p style=\"text-align: center;\">Georg-Friedrich-Str. 25<\/p>\n<p style=\"text-align: center;\">D &#8211; 76131 Karlsruhe<\/p>\n<\/div><\/div><footer class=\"entry-footer\"><\/footer><\/article>\n<div class='flex_column av-av_one_half-2a9015ff38129c418a3f2eafba3e9512 av_one_half  avia-builder-el-1  el_after_av_icon_box  el_before_av_one_half  first flex_column_div '   ><div  class='avia-icon-list-container av-av_iconlist-e4a0ebdf966f1bea8883e87bb95dffd6  avia-builder-el-2  avia-builder-el-no-sibling '><ul class='avia-icon-list avia_animate_when_almost_visible avia-icon-list-left av-iconlist-big av-av_iconlist-e4a0ebdf966f1bea8883e87bb95dffd6 avia-iconlist-animate'>\n<li><div class='iconlist_icon av-av_iconlist_item-04924dccd79b83b529efec73c7db0a40 avia-font-'><span class='iconlist-char' aria-hidden='true' data-av_icon='\ue854' data-av_iconfont='entypo-fontello'><\/span><\/div><article class=\"article-icon-entry \"  itemscope=\"itemscope\" itemtype=\"https:\/\/schema.org\/CreativeWork\" ><div class=\"iconlist_content_wrap\"><header class=\"entry-content-header\"><h4 class='av_iconlist_title iconlist_title  '  itemprop=\"headline\" >Phone<\/h4><\/header><div class='iconlist_content '  itemprop=\"text\" ><p>+49 721 47046024<\/p>\n<\/div><\/div><footer class=\"entry-footer\"><\/footer><\/article><div class=\"iconlist-timeline\"><\/div><\/li>\n<li><div class='iconlist_icon av-av_iconlist_item-c7efc587b2542223968d177aa22f32cb avia-font-'><span class='iconlist-char' aria-hidden='true' data-av_icon='\ue838' data-av_iconfont='entypo-fontello'><\/span><\/div><article class=\"article-icon-entry \"  itemscope=\"itemscope\" itemtype=\"https:\/\/schema.org\/CreativeWork\" ><div class=\"iconlist_content_wrap\"><header class=\"entry-content-header\"><h4 class='av_iconlist_title iconlist_title  '  itemprop=\"headline\" >Fax<\/h4><\/header><div class='iconlist_content '  itemprop=\"text\" ><p>+49 721 47046026<\/p>\n<\/div><\/div><footer class=\"entry-footer\"><\/footer><\/article><div class=\"iconlist-timeline\"><\/div><\/li>\n<li><div class='iconlist_icon av-av_iconlist_item-b61e6003425252a16e141cd1a894679f avia-font-'><span class='iconlist-char' aria-hidden='true' data-av_icon='\ue8b1' data-av_iconfont='entypo-fontello'><\/span><\/div><article class=\"article-icon-entry \"  itemscope=\"itemscope\" itemtype=\"https:\/\/schema.org\/CreativeWork\" ><div class=\"iconlist_content_wrap\"><header class=\"entry-content-header\"><h4 class='av_iconlist_title iconlist_title  '  itemprop=\"headline\" >Web<\/h4><\/header><div class='iconlist_content '  itemprop=\"text\" ><p>info@travelsolute.com<\/p>\n<\/div><\/div><footer class=\"entry-footer\"><\/footer><\/article><div class=\"iconlist-timeline\"><\/div><\/li>\n<\/ul><\/div><\/div>\n\n<style type=\"text\/css\" data-created_by=\"avia_inline_auto\" id=\"style-css-av-av_one_half-c8fc129dc35fd1ae2a1e410224d39ea8\">\n.flex_column.av-av_one_half-c8fc129dc35fd1ae2a1e410224d39ea8{\nborder-radius:0px 0px 0px 0px;\n-webkit-border-radius:0px 0px 0px 0px;\n-moz-border-radius:0px 0px 0px 0px;\n}\n<\/style>\n<div class='flex_column av-av_one_half-c8fc129dc35fd1ae2a1e410224d39ea8 av_one_half  avia-builder-el-3  el_after_av_one_half  el_before_av_hr  flex_column_div av-zero-column-padding '   ><div  class='avia-icon-list-container av-av_iconlist-3965ee98d79afe22b7e2fe2a845572b7  avia-builder-el-4  avia-builder-el-no-sibling '><ul class='avia-icon-list avia_animate_when_almost_visible avia-icon-list-right av-iconlist-big av-av_iconlist-3965ee98d79afe22b7e2fe2a845572b7 avia-iconlist-animate'>\n<li><div class='iconlist_icon av-av_iconlist_item-edf3374ae062937af1b5f2ed3c427c7f avia-font-'><span class='iconlist-char' aria-hidden='true' data-av_icon='\ue80a' data-av_iconfont='entypo-fontello'><\/span><\/div><article class=\"article-icon-entry \"  itemscope=\"itemscope\" itemtype=\"https:\/\/schema.org\/CreativeWork\" ><div class=\"iconlist_content_wrap\"><header class=\"entry-content-header\"><h4 class='av_iconlist_title iconlist_title  '  itemprop=\"headline\" >Managing Director<\/h4><\/header><div class='iconlist_content '  itemprop=\"text\" ><p>J\u00f6rg Detfurth<\/p>\n<\/div><\/div><footer class=\"entry-footer\"><\/footer><\/article><div class=\"iconlist-timeline\"><\/div><\/li>\n<li><div class='iconlist_icon av-av_iconlist_item-99879ac697da38b74eaac986cc6f7ddb avia-font-'><span class='iconlist-char' aria-hidden='true' data-av_icon='\ue8c9' data-av_iconfont='entypo-fontello'><\/span><\/div><article class=\"article-icon-entry \"  itemscope=\"itemscope\" itemtype=\"https:\/\/schema.org\/CreativeWork\" ><div class=\"iconlist_content_wrap\"><header class=\"entry-content-header\"><h4 class='av_iconlist_title iconlist_title  '  itemprop=\"headline\" >Court of Registration<\/h4><\/header><div class='iconlist_content '  itemprop=\"text\" ><p>Amtsgericht Mannheim HRB 716125<\/p>\n<\/div><\/div><footer class=\"entry-footer\"><\/footer><\/article><div class=\"iconlist-timeline\"><\/div><\/li>\n<li><div class='iconlist_icon av-av_iconlist_item-01589ee7312df0f93268733883d3ad90 avia-font-'><span class='iconlist-char' aria-hidden='true' data-av_icon='\ue858' data-av_iconfont='entypo-fontello'><\/span><\/div><article class=\"article-icon-entry \"  itemscope=\"itemscope\" itemtype=\"https:\/\/schema.org\/CreativeWork\" ><div class=\"iconlist_content_wrap\"><header class=\"entry-content-header\"><h4 class='av_iconlist_title iconlist_title  '  itemprop=\"headline\" >Tax Identification Number<\/h4><\/header><div class='iconlist_content '  itemprop=\"text\" ><p>DE288422070<\/p>\n<\/div><\/div><footer class=\"entry-footer\"><\/footer><\/article><div class=\"iconlist-timeline\"><\/div><\/li>\n<\/ul><\/div><\/div>\n\n<style type=\"text\/css\" data-created_by=\"avia_inline_auto\" id=\"style-css-av-av_hr-3b11872cf71fdd770f9c0f5317609246\">\n#top .hr.av-av_hr-3b11872cf71fdd770f9c0f5317609246{\nmargin-top:100px;\nmargin-bottom:30px;\n}\n.hr.av-av_hr-3b11872cf71fdd770f9c0f5317609246 .hr-inner{\nwidth:100px;\n}\n<\/style>\n<div  class='hr av-av_hr-3b11872cf71fdd770f9c0f5317609246 hr-custom  avia-builder-el-5  el_after_av_one_half  el_before_av_textblock  hr-center hr-icon-no'><span class='hr-inner inner-border-av-border-thin'><span class=\"hr-inner-style\"><\/span><\/span><\/div>\n<section  class='av_textblock_section av-av_textblock-2de302bf1aa3cf4c9157dbe6f50ac7eb'  itemscope=\"itemscope\" itemtype=\"https:\/\/schema.org\/CreativeWork\" ><div class='avia_textblock'  itemprop=\"text\" ><div class=\"avia_textblock avia_textblock_style\" data-update_with=\"content\">\n<div class=\"impressum\">Angaben gem\u00e4\u00df \u00a7 5 TMG<\/div>\n<div class=\"impressum\"><\/div>\n<div class=\"impressum\">travelsolute UG (haftungsbeschr\u00e4nkt)<br \/>\nGeorg-Friedrich-Str. 25<br \/>\nD-76131 Karlsruhe<\/div>\n<div><\/div>\n<\/div>\n<div data-update_with=\"content\"><\/div>\n<div class=\"avia_textblock avia_textblock_style\" data-update_with=\"content\">\n<p><strong>Vertreten durch Gesch\u00e4ftsf\u00fchrer: <\/strong><\/p>\n<div class=\"impressum\">J\u00f6rg Detfurth<\/div>\n<div class=\"impressum\">\n<p><strong>Kontakt:<\/strong><br \/>\nFon: +49 721 47046024<br \/>\nFax: +49 721 47046026<br \/>\neMail: info@travelsolute.com<\/p>\n<p><strong>Umsatzsteuer-ID: <\/strong><br \/>\nUmsatzsteuer-Identifikationsnummer gem\u00e4\u00df \u00a727a Umsatzsteuergesetz: DE288422070<\/p>\n<p><strong>Verantwortlich f\u00fcr den Inhalt nach \u00a7 55 Abs. 2 RStV:<\/strong><\/p>\n<p>travelsolute UG (haftungsbeschr\u00e4nkt)<\/p>\n<p>Georg-Friedrich-Str. 25<\/p>\n<p>D-76131 Karlsruhe<\/p>\n<p><strong>Haftungsausschluss: <\/strong><\/p>\n<p><strong>Haftung f\u00fcr Inhalte<\/strong><\/p>\n<p>Die Inhalte unserer Seiten wurden mit gr\u00f6\u00dfter Sorgfalt erstellt. F\u00fcr die Richtigkeit, Vollst\u00e4ndigkeit und Aktualit\u00e4t der Inhalte k\u00f6nnen wir jedoch keine Gew\u00e4hr \u00fcbernehmen. Als Diensteanbieter sind wir gem\u00e4\u00df \u00a7 7 Abs.1 TMG f\u00fcr eigene Inhalte auf diesen Seiten nach den allgemeinen Gesetzen verantwortlich. Nach \u00a7\u00a7 8 bis 10 TMG sind wir als Diensteanbieter jedoch nicht verpflichtet, \u00fcbermittelte oder gespeicherte fremde Informationen zu \u00fcberwachen oder nach Umst\u00e4nden zu forschen, die auf eine rechtswidrige T\u00e4tigkeit hinweisen. Verpflichtungen zur Entfernung oder Sperrung der Nutzung von Informationen nach den allgemeinen Gesetzen bleiben hiervon unber\u00fchrt. Eine diesbez\u00fcgliche Haftung ist jedoch erst ab dem Zeitpunkt der Kenntnis einer konkreten Rechtsverletzung m\u00f6glich. Bei Bekanntwerden von entsprechenden Rechtsverletzungen werden wir diese Inhalte umgehend entfernen.<\/p>\n<p><strong>Haftung f\u00fcr Links<\/strong><\/p>\n<p>Unser Angebot enth\u00e4lt Links zu externen Webseiten Dritter, auf deren Inhalte wir keinen Einfluss haben. Deshalb k\u00f6nnen wir f\u00fcr diese fremden Inhalte auch keine Gew\u00e4hr \u00fcbernehmen. F\u00fcr die Inhalte der verlinkten Seiten ist stets der jeweilige Anbieter oder Betreiber der Seiten verantwortlich. Die verlinkten Seiten wurden zum Zeitpunkt der Verlinkung auf m\u00f6gliche Rechtsverst\u00f6\u00dfe \u00fcberpr\u00fcft. Rechtswidrige Inhalte waren zum Zeitpunkt der Verlinkung nicht erkennbar. Eine permanente inhaltliche Kontrolle der verlinkten Seiten ist jedoch ohne konkrete Anhaltspunkte einer Rechtsverletzung nicht zumutbar. Bei Bekanntwerden von Rechtsverletzungen werden wir derartige Links umgehend entfernen.<\/p>\n<p><strong>Urheberrecht<\/strong><\/p>\n<p>Die durch die Seitenbetreiber erstellten Inhalte und Werke auf diesen Seiten unterliegen dem deutschen Urheberrecht. Die Vervielf\u00e4ltigung, Bearbeitung, Verbreitung und jede Art der Verwertung au\u00dferhalb der Grenzen des Urheberrechtes bed\u00fcrfen der schriftlichen Zustimmung des jeweiligen Autors bzw. Erstellers. Downloads und Kopien dieser Seite sind nur f\u00fcr den privaten, nicht kommerziellen Gebrauch gestattet. Soweit die Inhalte auf dieser Seite nicht vom Betreiber erstellt wurden, werden die Urheberrechte Dritter beachtet. Insbesondere werden Inhalte Dritter als solche gekennzeichnet. Sollten Sie trotzdem auf eine Urheberrechtsverletzung aufmerksam werden, bitten wir um einen entsprechenden Hinweis. Bei Bekanntwerden von Rechtsverletzungen werden wir derartige Inhalte umgehend entfernen.<\/p>\n<p><strong>Datenschutz<\/strong><\/p>\n<p>Die Nutzung unserer Webseite ist in der Regel ohne Angabe personenbezogener Daten m\u00f6glich. Soweit auf unseren Seiten personenbezogene Daten (beispielsweise Name, Anschrift oder eMail-Adressen) erhoben werden, erfolgt dies, soweit m\u00f6glich, stets auf freiwilliger Basis. Diese Daten werden ohne Ihre ausdr\u00fcckliche Zustimmung nicht an Dritte weitergegeben.<br \/>\nWir weisen darauf hin, dass die Daten\u00fcbertragung im Internet (z.B. bei der Kommunikation per E-Mail) Sicherheitsl\u00fccken aufweisen kann. Ein l\u00fcckenloser Schutz der Daten vor dem Zugriff durch Dritte ist nicht m\u00f6glich.<br \/>\nDer Nutzung von im Rahmen der Impressumspflicht ver\u00f6ffentlichten Kontaktdaten durch Dritte zur \u00dcbersendung von nicht ausdr\u00fccklich angeforderter Werbung und Informationsmaterialien wird hiermit ausdr\u00fccklich widersprochen. Die Betreiber der Seiten behalten sich ausdr\u00fccklich rechtliche Schritte im Falle der unverlangten Zusendung von Werbeinformationen, etwa durch Spam-Mails, vor.<\/p>\n<p><strong>Google Analytics<\/strong><\/p>\n<p>Diese Website benutzt Google Analytics, einen Webanalysedienst der Google Inc. (&#8220;Google&#8220;). Google Analytics verwendet sog. &#8220;Cookies&#8220;, Textdateien, die auf Ihrem Computer gespeichert werden und die eine Analyse der Benutzung der Website durch Sie erm\u00f6glicht. Die durch den Cookie erzeugten Informationen \u00fcber Ihre Benutzung diese Website (einschlie\u00dflich Ihrer IP-Adresse) wird an einen Server von Google in den USA \u00fcbertragen und dort gespeichert. Google wird diese Informationen benutzen, um Ihre Nutzung der Website auszuwerten, um Reports \u00fcber die Websiteaktivit\u00e4ten f\u00fcr die Websitebetreiber zusammenzustellen und um weitere mit der Websitenutzung und der Internetnutzung verbundene Dienstleistungen zu erbringen. Auch wird Google diese Informationen gegebenenfalls an Dritte \u00fcbertragen, sofern dies gesetzlich vorgeschrieben oder soweit Dritte diese Daten im Auftrag von Google verarbeiten. Google wird in keinem Fall Ihre IP-Adresse mit anderen Daten der Google in Verbindung bringen. Sie k\u00f6nnen die Installation der Cookies durch eine entsprechende Einstellung Ihrer Browser Software verhindern; wir weisen Sie jedoch darauf hin, dass Sie in diesem Fall gegebenenfalls nicht s\u00e4mtliche Funktionen dieser Website voll umf\u00e4nglich nutzen k\u00f6nnen. Durch die Nutzung dieser Website erkl\u00e4ren Sie sich mit der Bearbeitung der \u00fcber Sie erhobenen Daten durch Google in der zuvor beschriebenen Art und Weise und zu dem zuvor benannten Zweck einverstanden.<\/p>\n<p>Website Impressum erstellt durch <a href=\"http:\/\/www.impressum-generator.de\" target=\"_blank\" rel=\"noopener\">impressum-generator.de<\/a> von <a href=\"http:\/\/www.kanzlei-hasselbach.de\/rechtsanwaeltin-franziska-hasselbach\/\" target=\"_blank\" rel=\"noopener\">Rechtsanw\u00e4tin Franziska Hasselbach<\/a><\/p>\n<p><b>Online-Streitbeilegung gem\u00e4\u00df Art. 14 Abs. 1 ODR-VO:<\/b><\/p>\n<p>Wir weisen auf die Plattform der EU zur au\u00dfergerichtlichen Online-Streitbeilegung unter <a href=\"http:\/\/www.flugpoint.de\/wp-admin\/_wp_link_placeholder\">http:\/\/ec.europa.eu\/consumers\/odr\/<\/a> hin. FLUGPOINT\u00ae nimmt nicht an einem freiwilligen Streitbeilegungsverfahren vor einer Verbraucherschlichtungsstelle teil. Trotzdem sind wir verpflichtet, Ihnen die Kontaktdaten der zust\u00e4ndigen Stelle zu nennen: Allgemeine Verbraucherschlichtungsstelle des Zentrums f\u00fcr Schlichtung e.V., Stra\u00dfburger Str. 8, 77694 Kehl, Telefon: +49 785179579 40, Telefax: +49 7851 79579 41, Internet: www.verbraucher-schlichter.de, E-Mail: mail@verbraucher-schlichter.de<\/p>\n<\/div>\n<\/div>\n<\/div><\/section>\n","protected":false},"excerpt":{"rendered":"","protected":false},"author":1,"featured_media":0,"parent":0,"menu_order":0,"comment_status":"open","ping_status":"open","template":"","meta":[],"yoast_head":"<!-- This site is optimized with the Yoast SEO plugin v18.1 - https:\/\/yoast.com\/wordpress\/plugins\/seo\/ -->\n<title>Imprint - travelsolute UG<\/title>\n<meta name=\"robots\" content=\"index, follow, max-snippet:-1, max-image-preview:large, max-video-preview:-1\" \/>\n<link rel=\"canonical\" href=\"https:\/\/www.travelsolute.de\/?page_id=2428\" \/>\n<meta property=\"og:locale\" content=\"de_DE\" \/>\n<meta property=\"og:type\" content=\"article\" \/>\n<meta property=\"og:title\" content=\"Imprint - travelsolute UG\" \/>\n<meta property=\"og:url\" content=\"https:\/\/www.travelsolute.de\/?page_id=2428\" \/>\n<meta property=\"og:site_name\" content=\"travelsolute UG\" \/>\n<meta property=\"article:modified_time\" content=\"2018-04-09T14:37:47+00:00\" \/>\n<meta name=\"twitter:card\" content=\"summary\" \/>\n<meta name=\"twitter:label1\" content=\"Gesch\u00e4tzte Lesezeit\" \/>\n\t<meta name=\"twitter:data1\" content=\"5\u00a0Minuten\" \/>\n<script type=\"application\/ld+json\" class=\"yoast-schema-graph\">{\"@context\":\"https:\/\/schema.org\",\"@graph\":[{\"@type\":\"WebSite\",\"@id\":\"https:\/\/www.travelsolute.de\/#website\",\"url\":\"https:\/\/www.travelsolute.de\/\",\"name\":\"travelsolute UG\",\"description\":\"Booking Technology\",\"potentialAction\":[{\"@type\":\"SearchAction\",\"target\":{\"@type\":\"EntryPoint\",\"urlTemplate\":\"https:\/\/www.travelsolute.de\/?s={search_term_string}\"},\"query-input\":\"required name=search_term_string\"}],\"inLanguage\":\"de\"},{\"@type\":\"WebPage\",\"@id\":\"https:\/\/www.travelsolute.de\/?page_id=2428#webpage\",\"url\":\"https:\/\/www.travelsolute.de\/?page_id=2428\",\"name\":\"Imprint - travelsolute UG\",\"isPartOf\":{\"@id\":\"https:\/\/www.travelsolute.de\/#website\"},\"datePublished\":\"2013-07-10T13:43:55+00:00\",\"dateModified\":\"2018-04-09T14:37:47+00:00\",\"breadcrumb\":{\"@id\":\"https:\/\/www.travelsolute.de\/?page_id=2428#breadcrumb\"},\"inLanguage\":\"de\",\"potentialAction\":[{\"@type\":\"ReadAction\",\"target\":[\"https:\/\/www.travelsolute.de\/?page_id=2428\"]}]},{\"@type\":\"BreadcrumbList\",\"@id\":\"https:\/\/www.travelsolute.de\/?page_id=2428#breadcrumb\",\"itemListElement\":[{\"@type\":\"ListItem\",\"position\":1,\"name\":\"Startseite\",\"item\":\"https:\/\/www.travelsolute.de\/\"},{\"@type\":\"ListItem\",\"position\":2,\"name\":\"Imprint\"}]}]}<\/script>\n<!-- \/ Yoast SEO plugin. -->","yoast_head_json":{"title":"Imprint - travelsolute UG","robots":{"index":"index","follow":"follow","max-snippet":"max-snippet:-1","max-image-preview":"max-image-preview:large","max-video-preview":"max-video-preview:-1"},"canonical":"https:\/\/www.travelsolute.de\/?page_id=2428","og_locale":"de_DE","og_type":"article","og_title":"Imprint - travelsolute UG","og_url":"https:\/\/www.travelsolute.de\/?page_id=2428","og_site_name":"travelsolute UG","article_modified_time":"2018-04-09T14:37:47+00:00","twitter_card":"summary","twitter_misc":{"Gesch\u00e4tzte Lesezeit":"5\u00a0Minuten"},"schema":{"@context":"https:\/\/schema.org","@graph":[{"@type":"WebSite","@id":"https:\/\/www.travelsolute.de\/#website","url":"https:\/\/www.travelsolute.de\/","name":"travelsolute UG","description":"Booking Technology","potentialAction":[{"@type":"SearchAction","target":{"@type":"EntryPoint","urlTemplate":"https:\/\/www.travelsolute.de\/?s={search_term_string}"},"query-input":"required name=search_term_string"}],"inLanguage":"de"},{"@type":"WebPage","@id":"https:\/\/www.travelsolute.de\/?page_id=2428#webpage","url":"https:\/\/www.travelsolute.de\/?page_id=2428","name":"Imprint - travelsolute UG","isPartOf":{"@id":"https:\/\/www.travelsolute.de\/#website"},"datePublished":"2013-07-10T13:43:55+00:00","dateModified":"2018-04-09T14:37:47+00:00","breadcrumb":{"@id":"https:\/\/www.travelsolute.de\/?page_id=2428#breadcrumb"},"inLanguage":"de","potentialAction":[{"@type":"ReadAction","target":["https:\/\/www.travelsolute.de\/?page_id=2428"]}]},{"@type":"BreadcrumbList","@id":"https:\/\/www.travelsolute.de\/?page_id=2428#breadcrumb","itemListElement":[{"@type":"ListItem","position":1,"name":"Startseite","item":"https:\/\/www.travelsolute.de\/"},{"@type":"ListItem","position":2,"name":"Imprint"}]}]}},"_links":{"self":[{"href":"https:\/\/www.travelsolute.de\/index.php?rest_route=\/wp\/v2\/pages\/2428"}],"collection":[{"href":"https:\/\/www.travelsolute.de\/index.php?rest_route=\/wp\/v2\/pages"}],"about":[{"href":"https:\/\/www.travelsolute.de\/index.php?rest_route=\/wp\/v2\/types\/page"}],"author":[{"embeddable":true,"href":"https:\/\/www.travelsolute.de\/index.php?rest_route=\/wp\/v2\/users\/1"}],"replies":[{"embeddable":true,"href":"https:\/\/www.travelsolute.de\/index.php?rest_route=%2Fwp%2Fv2%2Fcomments&post=2428"}],"version-history":[{"count":29,"href":"https:\/\/www.travelsolute.de\/index.php?rest_route=\/wp\/v2\/pages\/2428\/revisions"}],"predecessor-version":[{"id":3021,"href":"https:\/\/www.travelsolute.de\/index.php?rest_route=\/wp\/v2\/pages\/2428\/revisions\/3021"}],"wp:attachment":[{"href":"https:\/\/www.travelsolute.de\/index.php?rest_route=%2Fwp%2Fv2%2Fmedia&parent=2428"}],"curies":[{"name":"wp","href":"https:\/\/api.w.org\/{rel}","templated":true}]}}